{"id":74,"date":"2023-12-18T19:38:26","date_gmt":"2023-12-18T18:38:26","guid":{"rendered":"https:\/\/bmclink.wordpress.com\/?page_id=74"},"modified":"2025-01-07T18:42:53","modified_gmt":"2025-01-07T17:42:53","slug":"services-analyses","status":"publish","type":"page","link":"https:\/\/bmc-link.com\/?page_id=74","title":{"rendered":"Analyses"},"content":{"rendered":"\n<div class=\"wp-block-group alignfull has-global-padding is-layout-constrained wp-container-core-group-is-layout-87eb350c wp-block-group-is-layout-constrained\" style=\"margin-top:0px;margin-bottom:0px;padding-top:7vw;padding-right:var(--wp--preset--spacing--50);padding-bottom:7vw;padding-left:var(--wp--preset--spacing--50)\">\n<div class=\"wp-block-columns alignwide is-layout-flex wp-container-core-columns-is-layout-28f84493 wp-block-columns-is-layout-flex\">\n<div class=\"wp-block-column is-layout-flow wp-block-column-is-layout-flow\" style=\"flex-basis:20%\">\n<p>Analyses Strat\u00e9giques<\/p>\n<\/div>\n\n\n\n<div class=\"wp-block-column is-layout-flow wp-block-column-is-layout-flow\" style=\"flex-basis:80%\"><\/div>\n<\/div>\n\n\n\n<ul class=\"wp-block-list\">\n<li>Analyser en profondeur l&rsquo;environnement concurrentiel de l&rsquo;entreprise<\/li>\n\n\n\n<li>Identifier les forces, faiblesses, opportunit\u00e9s et menaces<\/li>\n\n\n\n<li>\u00c9valuer les ressources et capacit\u00e9s strat\u00e9giques de l&rsquo;entreprise<\/li>\n\n\n\n<li>R\u00e9aliser des \u00e9tudes de march\u00e9 et segmenter la client\u00e8le cible<\/li>\n<\/ul>\n<\/div>\n\n\n\n<div class=\"wp-block-group alignfull has-global-padding is-layout-constrained wp-container-core-group-is-layout-87eb350c wp-block-group-is-layout-constrained\" style=\"margin-top:0px;margin-bottom:0px;padding-top:7vw;padding-right:var(--wp--preset--spacing--50);padding-bottom:7vw;padding-left:var(--wp--preset--spacing--50)\">\n<div class=\"wp-block-columns alignwide is-layout-flex wp-container-core-columns-is-layout-28f84493 wp-block-columns-is-layout-flex\">\n<div class=\"wp-block-column is-layout-flow wp-block-column-is-layout-flow\" style=\"flex-basis:20%\">\n<h2 class=\"wp-block-heading has-medium-font-size\"><span class=\"uppercase\">Services<\/span><\/h2>\n<\/div>\n\n\n\n<div class=\"wp-block-column is-layout-flow wp-block-column-is-layout-flow\" style=\"flex-basis:80%\">\n<div class=\"wp-block-columns is-layout-flex wp-container-core-columns-is-layout-28f84493 wp-block-columns-is-layout-flex\">\n<div class=\"wp-block-column is-layout-flow wp-block-column-is-layout-flow\">\n<h3 class=\"wp-block-heading has-medium-font-size\">D\u00e9finition de l&rsquo;analyse strat\u00e9gique<\/h3>\n\n\n\n<ul class=\"wp-block-list\">\n<li>D\u00e9finir les orientations et objectifs strat\u00e9giques \u00e0 court, moyen et long terme<\/li>\n\n\n\n<li>Elaborer des options strat\u00e9giques en termes de produits, march\u00e9s, positionnement<\/li>\n\n\n\n<li>Formuler des recommandations positionnement strat\u00e9gique et avantage concurrentiel<\/li>\n<\/ul>\n\n\n\n<h3 class=\"wp-block-heading has-medium-font-size\">Veille et adaptation<\/h3>\n\n\n\n<ul class=\"wp-block-list\">\n<li>Evaluer r\u00e9guli\u00e8rement la performance de la strat\u00e9gie<\/li>\n<\/ul>\n<\/div>\n\n\n\n<div class=\"wp-block-column is-layout-flow wp-block-column-is-layout-flow\">\n<h3 class=\"wp-block-heading has-medium-font-size\">Mise en \u0153uvre de la strat\u00e9gie<\/h3>\n\n\n\n<ul class=\"wp-block-list\">\n<li>D\u00e9cliner la strat\u00e9gie en plans d&rsquo;action op\u00e9rationnels<\/li>\n\n\n\n<li>Concevoir une structure organisationnelle align\u00e9e \u00e0 la strat\u00e9gie<\/li>\n\n\n\n<li>Accompagner la mise en \u0153uvre du plan strat\u00e9gique<\/li>\n\n\n\n<li>D\u00e9finir des indicateurs et tableaux de bord de pilotage<\/li>\n<\/ul>\n\n\n\n<p class=\"has-small-font-size\">En tant qu&rsquo;analyste, nous apportons ainsi une expertise en management strat\u00e9gique pour aider les dirigeants \u00e0 prendre les d\u00e9cisions cruciales pour l&rsquo;avenir de leur entreprise.<\/p>\n<\/div>\n<\/div>\n<\/div>\n<\/div>\n<\/div>\n\n\n\n<div class=\"wp-block-group alignfull has-white-color has-black-background-color has-text-color has-background has-link-color wp-elements-68298564f9fe0a2bea36bd38f33e654b has-global-padding is-layout-constrained wp-container-core-group-is-layout-87eb350c wp-block-group-is-layout-constrained\" style=\"margin-top:0px;margin-bottom:0px;padding-top:7vw;padding-right:var(--wp--preset--spacing--50);padding-bottom:7vw;padding-left:var(--wp--preset--spacing--50)\">\n<div class=\"wp-block-columns alignwide is-layout-flex wp-container-core-columns-is-layout-28f84493 wp-block-columns-is-layout-flex\">\n<div class=\"wp-block-column is-layout-flow wp-block-column-is-layout-flow\" style=\"flex-basis:20%\">\n<h3 class=\"wp-block-heading has-background-color has-text-color has-link-color has-medium-font-size wp-elements-f30645cfcd08526ea27bd4a38f476e48\">\u00c9tudes de cas<\/h3>\n<\/div>\n\n\n\n<div class=\"wp-block-column is-layout-flow wp-block-column-is-layout-flow\" style=\"flex-basis:80%\">\n<div class=\"wp-block-columns is-layout-flex wp-container-core-columns-is-layout-28f84493 wp-block-columns-is-layout-flex\">\n<div class=\"wp-block-column is-layout-flow wp-block-column-is-layout-flow\">\n<figure class=\"wp-block-image size-large\"><img decoding=\"async\" src=\"https:\/\/a8ctm1.files.wordpress.com\/2020\/01\/bench-accounting-c3v88boorom-unsplash.jpg?w=750\" alt=\"\" class=\"wp-image-819\" \/><\/figure>\n\n\n\n<h4 class=\"wp-block-heading has-background-color has-text-color has-link-color has-medium-font-size wp-elements-b9bdb97cc8f08286870e07b218bc25c9\">\u00c9tude de cas&nbsp;A<\/h4>\n\n\n\n<p class=\"has-small-font-size\"><\/p>\n<\/div>\n\n\n\n<div class=\"wp-block-column is-layout-flow wp-block-column-is-layout-flow\">\n<figure class=\"wp-block-image size-large\"><img decoding=\"async\" src=\"https:\/\/a8ctm1.files.wordpress.com\/2020\/01\/bench-accounting-c3v88boorom-unsplash.jpg?w=750\" alt=\"\" class=\"wp-image-819\" \/><\/figure>\n\n\n\n<h4 class=\"wp-block-heading has-background-color has-text-color has-link-color has-medium-font-size wp-elements-faa0354bf6df827ded364cfbb144d2f4\">\u00c9tude de cas&nbsp;B<\/h4>\n\n\n\n<p class=\"has-small-font-size\"><\/p>\n<\/div>\n<\/div>\n<\/div>\n<\/div>\n<\/div>\n\n\n\n<div class=\"wp-block-group alignfull has-global-padding is-layout-constrained wp-container-core-group-is-layout-87eb350c wp-block-group-is-layout-constrained\" style=\"margin-top:0px;margin-bottom:0px;padding-top:7vw;padding-right:var(--wp--preset--spacing--50);padding-bottom:7vw;padding-left:var(--wp--preset--spacing--50)\">\n<div class=\"wp-block-columns alignwide is-layout-flex wp-container-core-columns-is-layout-28f84493 wp-block-columns-is-layout-flex\">\n<div class=\"wp-block-column is-layout-flow wp-block-column-is-layout-flow\" style=\"flex-basis:20%\">\n<h2 class=\"wp-block-heading has-medium-font-size\"><span class=\"uppercase\">T\u00e9moignages<\/span><\/h2>\n<\/div>\n\n\n\n<div class=\"wp-block-column is-layout-flow wp-block-column-is-layout-flow\" style=\"flex-basis:80%\">\n<div class=\"wp-block-columns is-layout-flex wp-container-core-columns-is-layout-28f84493 wp-block-columns-is-layout-flex\">\n<div class=\"wp-block-column is-layout-flow wp-block-column-is-layout-flow\"><\/div>\n\n\n\n<div class=\"wp-block-column is-layout-flow wp-block-column-is-layout-flow\">\n<p class=\"has-small-font-size\"><\/p>\n<\/div>\n<\/div>\n<\/div>\n<\/div>\n<\/div>\n\n\n\n<div class=\"wp-block-group alignfull has-white-color has-black-background-color has-text-color has-background has-global-padding is-layout-constrained wp-container-core-group-is-layout-87eb350c wp-block-group-is-layout-constrained\" style=\"margin-top:0px;margin-bottom:0px;padding-top:7vw;padding-right:var(--wp--preset--spacing--50);padding-bottom:7vw;padding-left:var(--wp--preset--spacing--50)\">\n<div class=\"wp-block-columns alignwide is-layout-flex wp-container-core-columns-is-layout-28f84493 wp-block-columns-is-layout-flex\">\n<div class=\"wp-block-column is-layout-flow wp-block-column-is-layout-flow\" style=\"flex-basis:20%\"><\/div>\n\n\n\n<div class=\"wp-block-column is-layout-flow wp-block-column-is-layout-flow\" style=\"flex-basis:80%\">\n<h2 class=\"wp-block-heading has-background-color has-text-color has-x-large-font-size\">Cr\u00e9ons quelque chose de grand ensemble&nbsp;!<\/h2>\n\n\n\n<div class=\"wp-block-buttons is-layout-flex wp-block-buttons-is-layout-flex\">\n<div class=\"wp-block-button\"><a class=\"wp-block-button__link has-black-color has-white-background-color has-text-color has-background wp-element-button\" rel=\"#\">Prendre un rendez-vous<\/a><\/div>\n<\/div>\n<\/div>\n<\/div>\n<\/div>\n","protected":false},"excerpt":{"rendered":"<p>Analyses Strat\u00e9giques Services D\u00e9finition de l&rsquo;analyse strat\u00e9gique Veille et adaptation Mise en \u0153uvre de la strat\u00e9gie En tant qu&rsquo;analyste, nous apportons ainsi une expertise en management strat\u00e9gique pour aider les dirigeants \u00e0 prendre les d\u00e9cisions cruciales pour l&rsquo;avenir de leur entreprise. \u00c9tudes de cas \u00c9tude de cas&nbsp;A \u00c9tude de cas&nbsp;B T\u00e9moignages Cr\u00e9ons quelque chose de [&hellip;]<\/p>\n","protected":false},"author":1,"featured_media":0,"parent":0,"menu_order":6,"comment_status":"closed","ping_status":"closed","template":"","meta":{"footnotes":""},"class_list":["post-74","page","type-page","status-publish","hentry"],"yoast_head":"<!-- This site is optimized with the Yoast SEO plugin v23.8 - https:\/\/yoast.com\/wordpress\/plugins\/seo\/ -->\n<title>Analyses - bmc-link.com<\/title>\n<meta name=\"robots\" content=\"index, follow, max-snippet:-1, max-image-preview:large, max-video-preview:-1\" \/>\n<link rel=\"canonical\" href=\"https:\/\/bmc-link.com\/?page_id=74\" \/>\n<meta property=\"og:locale\" content=\"fr_FR\" \/>\n<meta property=\"og:type\" content=\"article\" \/>\n<meta property=\"og:title\" content=\"Analyses - bmc-link.com\" \/>\n<meta property=\"og:description\" content=\"Analyses Strat\u00e9giques Services D\u00e9finition de l&rsquo;analyse strat\u00e9gique Veille et adaptation Mise en \u0153uvre de la strat\u00e9gie En tant qu&rsquo;analyste, nous apportons ainsi une expertise en management strat\u00e9gique pour aider les dirigeants \u00e0 prendre les d\u00e9cisions cruciales pour l&rsquo;avenir de leur entreprise. \u00c9tudes de cas \u00c9tude de cas&nbsp;A \u00c9tude de cas&nbsp;B T\u00e9moignages Cr\u00e9ons quelque chose de [&hellip;]\" \/>\n<meta property=\"og:url\" content=\"https:\/\/bmc-link.com\/?page_id=74\" \/>\n<meta property=\"og:site_name\" content=\"bmc-link.com\" \/>\n<meta property=\"article:modified_time\" content=\"2025-01-07T17:42:53+00:00\" \/>\n<meta name=\"twitter:card\" content=\"summary_large_image\" \/>\n<meta name=\"twitter:label1\" content=\"Dur\u00e9e de lecture estim\u00e9e\" \/>\n\t<meta name=\"twitter:data1\" content=\"2 minutes\" \/>\n<script type=\"application\/ld+json\" class=\"yoast-schema-graph\">{\"@context\":\"https:\/\/schema.org\",\"@graph\":[{\"@type\":\"WebPage\",\"@id\":\"https:\/\/bmc-link.com\/?page_id=74\",\"url\":\"https:\/\/bmc-link.com\/?page_id=74\",\"name\":\"Analyses - bmc-link.com\",\"isPartOf\":{\"@id\":\"https:\/\/bmc-link.com\/#website\"},\"primaryImageOfPage\":{\"@id\":\"https:\/\/bmc-link.com\/?page_id=74#primaryimage\"},\"image\":{\"@id\":\"https:\/\/bmc-link.com\/?page_id=74#primaryimage\"},\"thumbnailUrl\":\"https:\/\/a8ctm1.files.wordpress.com\/2020\/01\/bench-accounting-c3v88boorom-unsplash.jpg?w=750\",\"datePublished\":\"2023-12-18T18:38:26+00:00\",\"dateModified\":\"2025-01-07T17:42:53+00:00\",\"breadcrumb\":{\"@id\":\"https:\/\/bmc-link.com\/?page_id=74#breadcrumb\"},\"inLanguage\":\"fr-FR\",\"potentialAction\":[{\"@type\":\"ReadAction\",\"target\":[\"https:\/\/bmc-link.com\/?page_id=74\"]}]},{\"@type\":\"ImageObject\",\"inLanguage\":\"fr-FR\",\"@id\":\"https:\/\/bmc-link.com\/?page_id=74#primaryimage\",\"url\":\"https:\/\/a8ctm1.files.wordpress.com\/2020\/01\/bench-accounting-c3v88boorom-unsplash.jpg?w=750\",\"contentUrl\":\"https:\/\/a8ctm1.files.wordpress.com\/2020\/01\/bench-accounting-c3v88boorom-unsplash.jpg?w=750\"},{\"@type\":\"BreadcrumbList\",\"@id\":\"https:\/\/bmc-link.com\/?page_id=74#breadcrumb\",\"itemListElement\":[{\"@type\":\"ListItem\",\"position\":1,\"name\":\"Accueil\",\"item\":\"https:\/\/bmc-link.com\/\"},{\"@type\":\"ListItem\",\"position\":2,\"name\":\"Analyses\"}]},{\"@type\":\"WebSite\",\"@id\":\"https:\/\/bmc-link.com\/#website\",\"url\":\"https:\/\/bmc-link.com\/\",\"name\":\"bmc-link.com\",\"description\":\"\",\"publisher\":{\"@id\":\"https:\/\/bmc-link.com\/#organization\"},\"potentialAction\":[{\"@type\":\"SearchAction\",\"target\":{\"@type\":\"EntryPoint\",\"urlTemplate\":\"https:\/\/bmc-link.com\/?s={search_term_string}\"},\"query-input\":{\"@type\":\"PropertyValueSpecification\",\"valueRequired\":true,\"valueName\":\"search_term_string\"}}],\"inLanguage\":\"fr-FR\"},{\"@type\":\"Organization\",\"@id\":\"https:\/\/bmc-link.com\/#organization\",\"name\":\"bmc-link.com\",\"url\":\"https:\/\/bmc-link.com\/\",\"logo\":{\"@type\":\"ImageObject\",\"inLanguage\":\"fr-FR\",\"@id\":\"https:\/\/bmc-link.com\/#\/schema\/logo\/image\/\",\"url\":\"https:\/\/bmc-link.com\/wp-content\/uploads\/2024\/11\/logo.bmc_.couleur77.png\",\"contentUrl\":\"https:\/\/bmc-link.com\/wp-content\/uploads\/2024\/11\/logo.bmc_.couleur77.png\",\"width\":2045,\"height\":3431,\"caption\":\"bmc-link.com\"},\"image\":{\"@id\":\"https:\/\/bmc-link.com\/#\/schema\/logo\/image\/\"}}]}<\/script>\n<!-- \/ Yoast SEO plugin. -->","yoast_head_json":{"title":"Analyses - bmc-link.com","robots":{"index":"index","follow":"follow","max-snippet":"max-snippet:-1","max-image-preview":"max-image-preview:large","max-video-preview":"max-video-preview:-1"},"canonical":"https:\/\/bmc-link.com\/?page_id=74","og_locale":"fr_FR","og_type":"article","og_title":"Analyses - bmc-link.com","og_description":"Analyses Strat\u00e9giques Services D\u00e9finition de l&rsquo;analyse strat\u00e9gique Veille et adaptation Mise en \u0153uvre de la strat\u00e9gie En tant qu&rsquo;analyste, nous apportons ainsi une expertise en management strat\u00e9gique pour aider les dirigeants \u00e0 prendre les d\u00e9cisions cruciales pour l&rsquo;avenir de leur entreprise. \u00c9tudes de cas \u00c9tude de cas&nbsp;A \u00c9tude de cas&nbsp;B T\u00e9moignages Cr\u00e9ons quelque chose de [&hellip;]","og_url":"https:\/\/bmc-link.com\/?page_id=74","og_site_name":"bmc-link.com","article_modified_time":"2025-01-07T17:42:53+00:00","twitter_card":"summary_large_image","twitter_misc":{"Dur\u00e9e de lecture estim\u00e9e":"2 minutes"},"schema":{"@context":"https:\/\/schema.org","@graph":[{"@type":"WebPage","@id":"https:\/\/bmc-link.com\/?page_id=74","url":"https:\/\/bmc-link.com\/?page_id=74","name":"Analyses - bmc-link.com","isPartOf":{"@id":"https:\/\/bmc-link.com\/#website"},"primaryImageOfPage":{"@id":"https:\/\/bmc-link.com\/?page_id=74#primaryimage"},"image":{"@id":"https:\/\/bmc-link.com\/?page_id=74#primaryimage"},"thumbnailUrl":"https:\/\/a8ctm1.files.wordpress.com\/2020\/01\/bench-accounting-c3v88boorom-unsplash.jpg?w=750","datePublished":"2023-12-18T18:38:26+00:00","dateModified":"2025-01-07T17:42:53+00:00","breadcrumb":{"@id":"https:\/\/bmc-link.com\/?page_id=74#breadcrumb"},"inLanguage":"fr-FR","potentialAction":[{"@type":"ReadAction","target":["https:\/\/bmc-link.com\/?page_id=74"]}]},{"@type":"ImageObject","inLanguage":"fr-FR","@id":"https:\/\/bmc-link.com\/?page_id=74#primaryimage","url":"https:\/\/a8ctm1.files.wordpress.com\/2020\/01\/bench-accounting-c3v88boorom-unsplash.jpg?w=750","contentUrl":"https:\/\/a8ctm1.files.wordpress.com\/2020\/01\/bench-accounting-c3v88boorom-unsplash.jpg?w=750"},{"@type":"BreadcrumbList","@id":"https:\/\/bmc-link.com\/?page_id=74#breadcrumb","itemListElement":[{"@type":"ListItem","position":1,"name":"Accueil","item":"https:\/\/bmc-link.com\/"},{"@type":"ListItem","position":2,"name":"Analyses"}]},{"@type":"WebSite","@id":"https:\/\/bmc-link.com\/#website","url":"https:\/\/bmc-link.com\/","name":"bmc-link.com","description":"","publisher":{"@id":"https:\/\/bmc-link.com\/#organization"},"potentialAction":[{"@type":"SearchAction","target":{"@type":"EntryPoint","urlTemplate":"https:\/\/bmc-link.com\/?s={search_term_string}"},"query-input":{"@type":"PropertyValueSpecification","valueRequired":true,"valueName":"search_term_string"}}],"inLanguage":"fr-FR"},{"@type":"Organization","@id":"https:\/\/bmc-link.com\/#organization","name":"bmc-link.com","url":"https:\/\/bmc-link.com\/","logo":{"@type":"ImageObject","inLanguage":"fr-FR","@id":"https:\/\/bmc-link.com\/#\/schema\/logo\/image\/","url":"https:\/\/bmc-link.com\/wp-content\/uploads\/2024\/11\/logo.bmc_.couleur77.png","contentUrl":"https:\/\/bmc-link.com\/wp-content\/uploads\/2024\/11\/logo.bmc_.couleur77.png","width":2045,"height":3431,"caption":"bmc-link.com"},"image":{"@id":"https:\/\/bmc-link.com\/#\/schema\/logo\/image\/"}}]}},"_links":{"self":[{"href":"https:\/\/bmc-link.com\/index.php?rest_route=\/wp\/v2\/pages\/74","targetHints":{"allow":["GET"]}}],"collection":[{"href":"https:\/\/bmc-link.com\/index.php?rest_route=\/wp\/v2\/pages"}],"about":[{"href":"https:\/\/bmc-link.com\/index.php?rest_route=\/wp\/v2\/types\/page"}],"author":[{"embeddable":true,"href":"https:\/\/bmc-link.com\/index.php?rest_route=\/wp\/v2\/users\/1"}],"replies":[{"embeddable":true,"href":"https:\/\/bmc-link.com\/index.php?rest_route=%2Fwp%2Fv2%2Fcomments&post=74"}],"version-history":[{"count":2,"href":"https:\/\/bmc-link.com\/index.php?rest_route=\/wp\/v2\/pages\/74\/revisions"}],"predecessor-version":[{"id":296,"href":"https:\/\/bmc-link.com\/index.php?rest_route=\/wp\/v2\/pages\/74\/revisions\/296"}],"wp:attachment":[{"href":"https:\/\/bmc-link.com\/index.php?rest_route=%2Fwp%2Fv2%2Fmedia&parent=74"}],"curies":[{"name":"wp","href":"https:\/\/api.w.org\/{rel}","templated":true}]}}