{"id":160,"date":"2024-10-29T18:18:47","date_gmt":"2024-10-29T17:18:47","guid":{"rendered":"https:\/\/bmc-link.com\/?page_id=160"},"modified":"2025-01-07T18:20:39","modified_gmt":"2025-01-07T17:20:39","slug":"notre-vision","status":"publish","type":"page","link":"https:\/\/bmc-link.com\/?page_id=160","title":{"rendered":"Notre vision"},"content":{"rendered":"\n<div class=\"wp-block-group alignfull has-global-padding is-content-justification-center is-layout-constrained wp-container-core-group-is-layout-df757ecc wp-block-group-is-layout-constrained\" style=\"margin-top:0;margin-bottom:0;padding-top:calc( 0.5 * var(--wp--style--root--padding-right, var(--wp--custom--gap--horizontal)));padding-right:var(--wp--style--root--padding-right, var(--wp--custom--gap--horizontal));padding-bottom:calc( 0.5 * var(--wp--style--root--padding-right, var(--wp--custom--gap--horizontal)));padding-left:var(--wp--style--root--padding-left, var(--wp--custom--gap--horizontal))\">\n<div style=\"height:var(--wp--preset--spacing--20)\" aria-hidden=\"true\" class=\"wp-block-spacer\"><\/div>\n\n\n\n<div class=\"wp-block-columns alignwide is-layout-flex wp-container-core-columns-is-layout-ea69a204 wp-block-columns-is-layout-flex\">\n<div class=\"wp-block-column is-layout-flow wp-container-core-column-is-layout-22223934 wp-block-column-is-layout-flow\" style=\"flex-basis:50%\">\n<h2 class=\"wp-block-heading\">Galerie<\/h2>\n<\/div>\n\n\n\n<div class=\"wp-block-column is-layout-flow wp-block-column-is-layout-flow\" style=\"flex-basis:50%\">\n<p>Bienvenue dans un monde de possibilit\u00e9s illimit\u00e9es, o\u00f9 le voyage est aussi excitant que la destination, et o\u00f9 chaque instant est une opportunit\u00e9 de laisser votre empreinte sur la toile de l&rsquo;existence. La seule limite est l&rsquo;\u00e9tendue de votre imagination.<\/p>\n<\/div>\n<\/div>\n\n\n\n<div style=\"height:var(--wp--preset--spacing--20)\" aria-hidden=\"true\" class=\"wp-block-spacer\"><\/div>\n<\/div>\n\n\n\n<div class=\"wp-block-group alignfull has-global-padding is-content-justification-center is-layout-constrained wp-container-core-group-is-layout-1062152e wp-block-group-is-layout-constrained\" style=\"margin-top:0;margin-bottom:0;padding-top:calc( 0.5 * var(--wp--style--root--padding-right, var(--wp--custom--gap--horizontal)));padding-right:var(--wp--style--root--padding-right, var(--wp--custom--gap--horizontal));padding-bottom:calc( 0.5 * var(--wp--style--root--padding-right, var(--wp--custom--gap--horizontal)));padding-left:var(--wp--style--root--padding-left, var(--wp--custom--gap--horizontal))\">\n<div class=\"wp-block-group alignwide is-nowrap is-layout-flex wp-container-core-group-is-layout-fc054d2d wp-block-group-is-layout-flex\">\n<figure data-wp-context=\"{&quot;imageId&quot;:&quot;69e1cb325670b&quot;}\" data-wp-interactive=\"core\/image\" data-wp-key=\"69e1cb325670b\" class=\"wp-block-image size-full is-resized wp-lightbox-container\"><img loading=\"lazy\" decoding=\"async\" width=\"1440\" height=\"2560\" data-wp-class--hide=\"state.isContentHidden\" data-wp-class--show=\"state.isContentVisible\" data-wp-init=\"callbacks.setButtonStyles\" data-wp-on--click=\"actions.showLightbox\" data-wp-on--load=\"callbacks.setButtonStyles\" data-wp-on-window--resize=\"callbacks.setButtonStyles\" src=\"https:\/\/bmc-link.com\/wp-content\/uploads\/2024\/11\/3dc6ed58-9733-4b39-8750-9d00e51f38c9-scaled.jpg\" alt=\"\" class=\"wp-image-230\" style=\"aspect-ratio:1.3333333333333333;object-fit:cover;width:456px;height:auto\" srcset=\"https:\/\/bmc-link.com\/wp-content\/uploads\/2024\/11\/3dc6ed58-9733-4b39-8750-9d00e51f38c9-scaled.jpg 1440w, https:\/\/bmc-link.com\/wp-content\/uploads\/2024\/11\/3dc6ed58-9733-4b39-8750-9d00e51f38c9-169x300.jpg 169w, https:\/\/bmc-link.com\/wp-content\/uploads\/2024\/11\/3dc6ed58-9733-4b39-8750-9d00e51f38c9-576x1024.jpg 576w, https:\/\/bmc-link.com\/wp-content\/uploads\/2024\/11\/3dc6ed58-9733-4b39-8750-9d00e51f38c9-768x1365.jpg 768w, https:\/\/bmc-link.com\/wp-content\/uploads\/2024\/11\/3dc6ed58-9733-4b39-8750-9d00e51f38c9-864x1536.jpg 864w, https:\/\/bmc-link.com\/wp-content\/uploads\/2024\/11\/3dc6ed58-9733-4b39-8750-9d00e51f38c9-1152x2048.jpg 1152w\" sizes=\"auto, (max-width: 1440px) 100vw, 1440px\" \/><button\n\t\t\tclass=\"lightbox-trigger\"\n\t\t\ttype=\"button\"\n\t\t\taria-haspopup=\"dialog\"\n\t\t\taria-label=\"Agrandir\"\n\t\t\tdata-wp-init=\"callbacks.initTriggerButton\"\n\t\t\tdata-wp-on--click=\"actions.showLightbox\"\n\t\t\tdata-wp-style--right=\"state.imageButtonRight\"\n\t\t\tdata-wp-style--top=\"state.imageButtonTop\"\n\t\t>\n\t\t\t<svg xmlns=\"http:\/\/www.w3.org\/2000\/svg\" width=\"12\" height=\"12\" fill=\"none\" viewBox=\"0 0 12 12\">\n\t\t\t\t<path fill=\"#fff\" d=\"M2 0a2 2 0 0 0-2 2v2h1.5V2a.5.5 0 0 1 .5-.5h2V0H2Zm2 10.5H2a.5.5 0 0 1-.5-.5V8H0v2a2 2 0 0 0 2 2h2v-1.5ZM8 12v-1.5h2a.5.5 0 0 0 .5-.5V8H12v2a2 2 0 0 1-2 2H8Zm2-12a2 2 0 0 1 2 2v2h-1.5V2a.5.5 0 0 0-.5-.5H8V0h2Z\" \/>\n\t\t\t<\/svg>\n\t\t<\/button><\/figure>\n\n\n\n<figure class=\"wp-block-image size-full\"><img loading=\"lazy\" decoding=\"async\" width=\"1024\" height=\"768\" src=\"https:\/\/bmc-link.com\/wp-content\/uploads\/2024\/11\/dc4f3f00-a974-43eb-9bf1-a3fdf9b4142a.jpg\" alt=\"\" class=\"wp-image-229\" srcset=\"https:\/\/bmc-link.com\/wp-content\/uploads\/2024\/11\/dc4f3f00-a974-43eb-9bf1-a3fdf9b4142a.jpg 1024w, https:\/\/bmc-link.com\/wp-content\/uploads\/2024\/11\/dc4f3f00-a974-43eb-9bf1-a3fdf9b4142a-300x225.jpg 300w, https:\/\/bmc-link.com\/wp-content\/uploads\/2024\/11\/dc4f3f00-a974-43eb-9bf1-a3fdf9b4142a-768x576.jpg 768w\" sizes=\"auto, (max-width: 1024px) 100vw, 1024px\" \/><\/figure>\n<\/div>\n\n\n\n<figure data-wp-context=\"{&quot;imageId&quot;:&quot;69e1cb3256bd1&quot;}\" data-wp-interactive=\"core\/image\" data-wp-key=\"69e1cb3256bd1\" class=\"wp-block-image alignwide size-full is-style-default wp-lightbox-container\"><img loading=\"lazy\" decoding=\"async\" width=\"2560\" height=\"1920\" data-wp-class--hide=\"state.isContentHidden\" data-wp-class--show=\"state.isContentVisible\" data-wp-init=\"callbacks.setButtonStyles\" data-wp-on--click=\"actions.showLightbox\" data-wp-on--load=\"callbacks.setButtonStyles\" data-wp-on-window--resize=\"callbacks.setButtonStyles\" src=\"https:\/\/bmc-link.com\/wp-content\/uploads\/2024\/11\/img_9568-scaled.jpeg\" alt=\"\" class=\"wp-image-206\" srcset=\"https:\/\/bmc-link.com\/wp-content\/uploads\/2024\/11\/img_9568-scaled.jpeg 2560w, https:\/\/bmc-link.com\/wp-content\/uploads\/2024\/11\/img_9568-300x225.jpeg 300w, https:\/\/bmc-link.com\/wp-content\/uploads\/2024\/11\/img_9568-1024x768.jpeg 1024w, https:\/\/bmc-link.com\/wp-content\/uploads\/2024\/11\/img_9568-768x576.jpeg 768w, https:\/\/bmc-link.com\/wp-content\/uploads\/2024\/11\/img_9568-1536x1152.jpeg 1536w, https:\/\/bmc-link.com\/wp-content\/uploads\/2024\/11\/img_9568-2048x1536.jpeg 2048w\" sizes=\"auto, (max-width: 2560px) 100vw, 2560px\" \/><button\n\t\t\tclass=\"lightbox-trigger\"\n\t\t\ttype=\"button\"\n\t\t\taria-haspopup=\"dialog\"\n\t\t\taria-label=\"Agrandir\"\n\t\t\tdata-wp-init=\"callbacks.initTriggerButton\"\n\t\t\tdata-wp-on--click=\"actions.showLightbox\"\n\t\t\tdata-wp-style--right=\"state.imageButtonRight\"\n\t\t\tdata-wp-style--top=\"state.imageButtonTop\"\n\t\t>\n\t\t\t<svg xmlns=\"http:\/\/www.w3.org\/2000\/svg\" width=\"12\" height=\"12\" fill=\"none\" viewBox=\"0 0 12 12\">\n\t\t\t\t<path fill=\"#fff\" d=\"M2 0a2 2 0 0 0-2 2v2h1.5V2a.5.5 0 0 1 .5-.5h2V0H2Zm2 10.5H2a.5.5 0 0 1-.5-.5V8H0v2a2 2 0 0 0 2 2h2v-1.5ZM8 12v-1.5h2a.5.5 0 0 0 .5-.5V8H12v2a2 2 0 0 1-2 2H8Zm2-12a2 2 0 0 1 2 2v2h-1.5V2a.5.5 0 0 0-.5-.5H8V0h2Z\" \/>\n\t\t\t<\/svg>\n\t\t<\/button><\/figure>\n\n\n\n<div class=\"wp-block-group alignwide is-nowrap is-layout-flex wp-container-core-group-is-layout-fc054d2d wp-block-group-is-layout-flex\">\n<figure data-wp-context=\"{&quot;imageId&quot;:&quot;69e1cb3256f58&quot;}\" data-wp-interactive=\"core\/image\" data-wp-key=\"69e1cb3256f58\" class=\"wp-block-image size-full is-resized wp-lightbox-container\"><img loading=\"lazy\" decoding=\"async\" width=\"1920\" height=\"2560\" data-wp-class--hide=\"state.isContentHidden\" data-wp-class--show=\"state.isContentVisible\" data-wp-init=\"callbacks.setButtonStyles\" data-wp-on--click=\"actions.showLightbox\" data-wp-on--load=\"callbacks.setButtonStyles\" data-wp-on-window--resize=\"callbacks.setButtonStyles\" src=\"https:\/\/bmc-link.com\/wp-content\/uploads\/2024\/11\/img_3493-scaled.jpeg\" alt=\"\" class=\"wp-image-217\" style=\"aspect-ratio:1.3333333333333333;object-fit:cover;width:513px;height:auto\" srcset=\"https:\/\/bmc-link.com\/wp-content\/uploads\/2024\/11\/img_3493-scaled.jpeg 1920w, https:\/\/bmc-link.com\/wp-content\/uploads\/2024\/11\/img_3493-225x300.jpeg 225w, https:\/\/bmc-link.com\/wp-content\/uploads\/2024\/11\/img_3493-768x1024.jpeg 768w, https:\/\/bmc-link.com\/wp-content\/uploads\/2024\/11\/img_3493-1152x1536.jpeg 1152w, https:\/\/bmc-link.com\/wp-content\/uploads\/2024\/11\/img_3493-1536x2048.jpeg 1536w\" sizes=\"auto, (max-width: 1920px) 100vw, 1920px\" \/><button\n\t\t\tclass=\"lightbox-trigger\"\n\t\t\ttype=\"button\"\n\t\t\taria-haspopup=\"dialog\"\n\t\t\taria-label=\"Agrandir\"\n\t\t\tdata-wp-init=\"callbacks.initTriggerButton\"\n\t\t\tdata-wp-on--click=\"actions.showLightbox\"\n\t\t\tdata-wp-style--right=\"state.imageButtonRight\"\n\t\t\tdata-wp-style--top=\"state.imageButtonTop\"\n\t\t>\n\t\t\t<svg xmlns=\"http:\/\/www.w3.org\/2000\/svg\" width=\"12\" height=\"12\" fill=\"none\" viewBox=\"0 0 12 12\">\n\t\t\t\t<path fill=\"#fff\" d=\"M2 0a2 2 0 0 0-2 2v2h1.5V2a.5.5 0 0 1 .5-.5h2V0H2Zm2 10.5H2a.5.5 0 0 1-.5-.5V8H0v2a2 2 0 0 0 2 2h2v-1.5ZM8 12v-1.5h2a.5.5 0 0 0 .5-.5V8H12v2a2 2 0 0 1-2 2H8Zm2-12a2 2 0 0 1 2 2v2h-1.5V2a.5.5 0 0 0-.5-.5H8V0h2Z\" \/>\n\t\t\t<\/svg>\n\t\t<\/button><\/figure>\n\n\n\n<figure data-wp-context=\"{&quot;imageId&quot;:&quot;69e1cb32572cb&quot;}\" data-wp-interactive=\"core\/image\" data-wp-key=\"69e1cb32572cb\" class=\"wp-block-image size-full wp-lightbox-container\"><img loading=\"lazy\" decoding=\"async\" width=\"2560\" height=\"1920\" data-wp-class--hide=\"state.isContentHidden\" data-wp-class--show=\"state.isContentVisible\" data-wp-init=\"callbacks.setButtonStyles\" data-wp-on--click=\"actions.showLightbox\" data-wp-on--load=\"callbacks.setButtonStyles\" data-wp-on-window--resize=\"callbacks.setButtonStyles\" src=\"https:\/\/bmc-link.com\/wp-content\/uploads\/2024\/11\/img_3575-scaled.jpeg\" alt=\"\" class=\"wp-image-219\" style=\"aspect-ratio:4\/3;object-fit:cover\" srcset=\"https:\/\/bmc-link.com\/wp-content\/uploads\/2024\/11\/img_3575-scaled.jpeg 2560w, https:\/\/bmc-link.com\/wp-content\/uploads\/2024\/11\/img_3575-300x225.jpeg 300w, https:\/\/bmc-link.com\/wp-content\/uploads\/2024\/11\/img_3575-1024x768.jpeg 1024w, https:\/\/bmc-link.com\/wp-content\/uploads\/2024\/11\/img_3575-768x576.jpeg 768w, https:\/\/bmc-link.com\/wp-content\/uploads\/2024\/11\/img_3575-1536x1152.jpeg 1536w, https:\/\/bmc-link.com\/wp-content\/uploads\/2024\/11\/img_3575-2048x1536.jpeg 2048w\" sizes=\"auto, (max-width: 2560px) 100vw, 2560px\" \/><button\n\t\t\tclass=\"lightbox-trigger\"\n\t\t\ttype=\"button\"\n\t\t\taria-haspopup=\"dialog\"\n\t\t\taria-label=\"Agrandir\"\n\t\t\tdata-wp-init=\"callbacks.initTriggerButton\"\n\t\t\tdata-wp-on--click=\"actions.showLightbox\"\n\t\t\tdata-wp-style--right=\"state.imageButtonRight\"\n\t\t\tdata-wp-style--top=\"state.imageButtonTop\"\n\t\t>\n\t\t\t<svg xmlns=\"http:\/\/www.w3.org\/2000\/svg\" width=\"12\" height=\"12\" fill=\"none\" viewBox=\"0 0 12 12\">\n\t\t\t\t<path fill=\"#fff\" d=\"M2 0a2 2 0 0 0-2 2v2h1.5V2a.5.5 0 0 1 .5-.5h2V0H2Zm2 10.5H2a.5.5 0 0 1-.5-.5V8H0v2a2 2 0 0 0 2 2h2v-1.5ZM8 12v-1.5h2a.5.5 0 0 0 .5-.5V8H12v2a2 2 0 0 1-2 2H8Zm2-12a2 2 0 0 1 2 2v2h-1.5V2a.5.5 0 0 0-.5-.5H8V0h2Z\" \/>\n\t\t\t<\/svg>\n\t\t<\/button><\/figure>\n<\/div>\n\n\n\n<div class=\"wp-block-group alignwide is-nowrap is-layout-flex wp-container-core-group-is-layout-fc054d2d wp-block-group-is-layout-flex\">\n<figure data-wp-context=\"{&quot;imageId&quot;:&quot;69e1cb32576b6&quot;}\" data-wp-interactive=\"core\/image\" data-wp-key=\"69e1cb32576b6\" class=\"wp-block-image size-full is-resized wp-lightbox-container\"><img loading=\"lazy\" decoding=\"async\" width=\"2560\" height=\"1920\" data-wp-class--hide=\"state.isContentHidden\" data-wp-class--show=\"state.isContentVisible\" data-wp-init=\"callbacks.setButtonStyles\" data-wp-on--click=\"actions.showLightbox\" data-wp-on--load=\"callbacks.setButtonStyles\" data-wp-on-window--resize=\"callbacks.setButtonStyles\" src=\"https:\/\/bmc-link.com\/wp-content\/uploads\/2024\/11\/img_5381-scaled.jpeg\" alt=\"\" class=\"wp-image-184\" style=\"object-fit:cover;width:549px;height:auto\" srcset=\"https:\/\/bmc-link.com\/wp-content\/uploads\/2024\/11\/img_5381-scaled.jpeg 2560w, https:\/\/bmc-link.com\/wp-content\/uploads\/2024\/11\/img_5381-300x225.jpeg 300w, https:\/\/bmc-link.com\/wp-content\/uploads\/2024\/11\/img_5381-1024x768.jpeg 1024w, https:\/\/bmc-link.com\/wp-content\/uploads\/2024\/11\/img_5381-768x576.jpeg 768w, https:\/\/bmc-link.com\/wp-content\/uploads\/2024\/11\/img_5381-1536x1152.jpeg 1536w, https:\/\/bmc-link.com\/wp-content\/uploads\/2024\/11\/img_5381-2048x1536.jpeg 2048w\" sizes=\"auto, (max-width: 2560px) 100vw, 2560px\" \/><button\n\t\t\tclass=\"lightbox-trigger\"\n\t\t\ttype=\"button\"\n\t\t\taria-haspopup=\"dialog\"\n\t\t\taria-label=\"Agrandir\"\n\t\t\tdata-wp-init=\"callbacks.initTriggerButton\"\n\t\t\tdata-wp-on--click=\"actions.showLightbox\"\n\t\t\tdata-wp-style--right=\"state.imageButtonRight\"\n\t\t\tdata-wp-style--top=\"state.imageButtonTop\"\n\t\t>\n\t\t\t<svg xmlns=\"http:\/\/www.w3.org\/2000\/svg\" width=\"12\" height=\"12\" fill=\"none\" viewBox=\"0 0 12 12\">\n\t\t\t\t<path fill=\"#fff\" d=\"M2 0a2 2 0 0 0-2 2v2h1.5V2a.5.5 0 0 1 .5-.5h2V0H2Zm2 10.5H2a.5.5 0 0 1-.5-.5V8H0v2a2 2 0 0 0 2 2h2v-1.5ZM8 12v-1.5h2a.5.5 0 0 0 .5-.5V8H12v2a2 2 0 0 1-2 2H8Zm2-12a2 2 0 0 1 2 2v2h-1.5V2a.5.5 0 0 0-.5-.5H8V0h2Z\" \/>\n\t\t\t<\/svg>\n\t\t<\/button><\/figure>\n\n\n\n<figure data-wp-context=\"{&quot;imageId&quot;:&quot;69e1cb3257a51&quot;}\" data-wp-interactive=\"core\/image\" data-wp-key=\"69e1cb3257a51\" class=\"wp-block-image size-full is-resized wp-lightbox-container\"><img loading=\"lazy\" decoding=\"async\" width=\"2020\" height=\"2560\" data-wp-class--hide=\"state.isContentHidden\" data-wp-class--show=\"state.isContentVisible\" data-wp-init=\"callbacks.setButtonStyles\" data-wp-on--click=\"actions.showLightbox\" data-wp-on--load=\"callbacks.setButtonStyles\" data-wp-on-window--resize=\"callbacks.setButtonStyles\" src=\"https:\/\/bmc-link.com\/wp-content\/uploads\/2024\/11\/img_8544-scaled.jpeg\" alt=\"\" class=\"wp-image-195\" style=\"object-fit:cover;width:529px;height:auto\" srcset=\"https:\/\/bmc-link.com\/wp-content\/uploads\/2024\/11\/img_8544-scaled.jpeg 2020w, https:\/\/bmc-link.com\/wp-content\/uploads\/2024\/11\/img_8544-237x300.jpeg 237w, https:\/\/bmc-link.com\/wp-content\/uploads\/2024\/11\/img_8544-808x1024.jpeg 808w, https:\/\/bmc-link.com\/wp-content\/uploads\/2024\/11\/img_8544-768x973.jpeg 768w, https:\/\/bmc-link.com\/wp-content\/uploads\/2024\/11\/img_8544-1212x1536.jpeg 1212w, https:\/\/bmc-link.com\/wp-content\/uploads\/2024\/11\/img_8544-1616x2048.jpeg 1616w\" sizes=\"auto, (max-width: 2020px) 100vw, 2020px\" \/><button\n\t\t\tclass=\"lightbox-trigger\"\n\t\t\ttype=\"button\"\n\t\t\taria-haspopup=\"dialog\"\n\t\t\taria-label=\"Agrandir\"\n\t\t\tdata-wp-init=\"callbacks.initTriggerButton\"\n\t\t\tdata-wp-on--click=\"actions.showLightbox\"\n\t\t\tdata-wp-style--right=\"state.imageButtonRight\"\n\t\t\tdata-wp-style--top=\"state.imageButtonTop\"\n\t\t>\n\t\t\t<svg xmlns=\"http:\/\/www.w3.org\/2000\/svg\" width=\"12\" height=\"12\" fill=\"none\" viewBox=\"0 0 12 12\">\n\t\t\t\t<path fill=\"#fff\" d=\"M2 0a2 2 0 0 0-2 2v2h1.5V2a.5.5 0 0 1 .5-.5h2V0H2Zm2 10.5H2a.5.5 0 0 1-.5-.5V8H0v2a2 2 0 0 0 2 2h2v-1.5ZM8 12v-1.5h2a.5.5 0 0 0 .5-.5V8H12v2a2 2 0 0 1-2 2H8Zm2-12a2 2 0 0 1 2 2v2h-1.5V2a.5.5 0 0 0-.5-.5H8V0h2Z\" \/>\n\t\t\t<\/svg>\n\t\t<\/button><\/figure>\n<\/div>\n\n\n\n<div style=\"height:100px\" aria-hidden=\"true\" class=\"wp-block-spacer\"><\/div>\n<\/div>\n\n\n\n<p><\/p>\n","protected":false},"excerpt":{"rendered":"<p>Galerie Bienvenue dans un monde de possibilit\u00e9s illimit\u00e9es, o\u00f9 le voyage est aussi excitant que la destination, et o\u00f9 chaque instant est une opportunit\u00e9 de laisser votre empreinte sur la toile de l&rsquo;existence. La seule limite est l&rsquo;\u00e9tendue de votre imagination.<\/p>\n","protected":false},"author":1,"featured_media":0,"parent":0,"menu_order":3,"comment_status":"closed","ping_status":"closed","template":"","meta":{"footnotes":""},"class_list":["post-160","page","type-page","status-publish","hentry"],"yoast_head":"<!-- This site is optimized with the Yoast SEO plugin v23.8 - https:\/\/yoast.com\/wordpress\/plugins\/seo\/ -->\n<title>Notre vision - bmc-link.com<\/title>\n<meta name=\"robots\" content=\"index, follow, max-snippet:-1, max-image-preview:large, max-video-preview:-1\" \/>\n<link rel=\"canonical\" href=\"https:\/\/bmc-link.com\/?page_id=160\" \/>\n<meta property=\"og:locale\" content=\"fr_FR\" \/>\n<meta property=\"og:type\" content=\"article\" \/>\n<meta property=\"og:title\" content=\"Notre vision - bmc-link.com\" \/>\n<meta property=\"og:description\" content=\"Galerie Bienvenue dans un monde de possibilit\u00e9s illimit\u00e9es, o\u00f9 le voyage est aussi excitant que la destination, et o\u00f9 chaque instant est une opportunit\u00e9 de laisser votre empreinte sur la toile de l&rsquo;existence. La seule limite est l&rsquo;\u00e9tendue de votre imagination.\" \/>\n<meta property=\"og:url\" content=\"https:\/\/bmc-link.com\/?page_id=160\" \/>\n<meta property=\"og:site_name\" content=\"bmc-link.com\" \/>\n<meta property=\"article:modified_time\" content=\"2025-01-07T17:20:39+00:00\" \/>\n<meta property=\"og:image\" content=\"https:\/\/bmc-link.com\/wp-content\/uploads\/2024\/11\/3dc6ed58-9733-4b39-8750-9d00e51f38c9-scaled.jpg\" \/>\n\t<meta property=\"og:image:width\" content=\"1440\" \/>\n\t<meta property=\"og:image:height\" content=\"2560\" \/>\n\t<meta property=\"og:image:type\" content=\"image\/jpeg\" \/>\n<meta name=\"twitter:card\" content=\"summary_large_image\" \/>\n<script type=\"application\/ld+json\" class=\"yoast-schema-graph\">{\"@context\":\"https:\/\/schema.org\",\"@graph\":[{\"@type\":\"WebPage\",\"@id\":\"https:\/\/bmc-link.com\/?page_id=160\",\"url\":\"https:\/\/bmc-link.com\/?page_id=160\",\"name\":\"Notre vision - bmc-link.com\",\"isPartOf\":{\"@id\":\"https:\/\/bmc-link.com\/#website\"},\"primaryImageOfPage\":{\"@id\":\"https:\/\/bmc-link.com\/?page_id=160#primaryimage\"},\"image\":{\"@id\":\"https:\/\/bmc-link.com\/?page_id=160#primaryimage\"},\"thumbnailUrl\":\"https:\/\/bmc-link.com\/wp-content\/uploads\/2024\/11\/3dc6ed58-9733-4b39-8750-9d00e51f38c9-scaled.jpg\",\"datePublished\":\"2024-10-29T17:18:47+00:00\",\"dateModified\":\"2025-01-07T17:20:39+00:00\",\"breadcrumb\":{\"@id\":\"https:\/\/bmc-link.com\/?page_id=160#breadcrumb\"},\"inLanguage\":\"fr-FR\",\"potentialAction\":[{\"@type\":\"ReadAction\",\"target\":[\"https:\/\/bmc-link.com\/?page_id=160\"]}]},{\"@type\":\"ImageObject\",\"inLanguage\":\"fr-FR\",\"@id\":\"https:\/\/bmc-link.com\/?page_id=160#primaryimage\",\"url\":\"https:\/\/bmc-link.com\/wp-content\/uploads\/2024\/11\/3dc6ed58-9733-4b39-8750-9d00e51f38c9-scaled.jpg\",\"contentUrl\":\"https:\/\/bmc-link.com\/wp-content\/uploads\/2024\/11\/3dc6ed58-9733-4b39-8750-9d00e51f38c9-scaled.jpg\",\"width\":1440,\"height\":2560},{\"@type\":\"BreadcrumbList\",\"@id\":\"https:\/\/bmc-link.com\/?page_id=160#breadcrumb\",\"itemListElement\":[{\"@type\":\"ListItem\",\"position\":1,\"name\":\"Accueil\",\"item\":\"https:\/\/bmc-link.com\/\"},{\"@type\":\"ListItem\",\"position\":2,\"name\":\"Notre vision\"}]},{\"@type\":\"WebSite\",\"@id\":\"https:\/\/bmc-link.com\/#website\",\"url\":\"https:\/\/bmc-link.com\/\",\"name\":\"bmc-link.com\",\"description\":\"\",\"publisher\":{\"@id\":\"https:\/\/bmc-link.com\/#organization\"},\"potentialAction\":[{\"@type\":\"SearchAction\",\"target\":{\"@type\":\"EntryPoint\",\"urlTemplate\":\"https:\/\/bmc-link.com\/?s={search_term_string}\"},\"query-input\":{\"@type\":\"PropertyValueSpecification\",\"valueRequired\":true,\"valueName\":\"search_term_string\"}}],\"inLanguage\":\"fr-FR\"},{\"@type\":\"Organization\",\"@id\":\"https:\/\/bmc-link.com\/#organization\",\"name\":\"bmc-link.com\",\"url\":\"https:\/\/bmc-link.com\/\",\"logo\":{\"@type\":\"ImageObject\",\"inLanguage\":\"fr-FR\",\"@id\":\"https:\/\/bmc-link.com\/#\/schema\/logo\/image\/\",\"url\":\"https:\/\/bmc-link.com\/wp-content\/uploads\/2024\/11\/logo.bmc_.couleur77.png\",\"contentUrl\":\"https:\/\/bmc-link.com\/wp-content\/uploads\/2024\/11\/logo.bmc_.couleur77.png\",\"width\":2045,\"height\":3431,\"caption\":\"bmc-link.com\"},\"image\":{\"@id\":\"https:\/\/bmc-link.com\/#\/schema\/logo\/image\/\"}}]}<\/script>\n<!-- \/ Yoast SEO plugin. -->","yoast_head_json":{"title":"Notre vision - bmc-link.com","robots":{"index":"index","follow":"follow","max-snippet":"max-snippet:-1","max-image-preview":"max-image-preview:large","max-video-preview":"max-video-preview:-1"},"canonical":"https:\/\/bmc-link.com\/?page_id=160","og_locale":"fr_FR","og_type":"article","og_title":"Notre vision - bmc-link.com","og_description":"Galerie Bienvenue dans un monde de possibilit\u00e9s illimit\u00e9es, o\u00f9 le voyage est aussi excitant que la destination, et o\u00f9 chaque instant est une opportunit\u00e9 de laisser votre empreinte sur la toile de l&rsquo;existence. La seule limite est l&rsquo;\u00e9tendue de votre imagination.","og_url":"https:\/\/bmc-link.com\/?page_id=160","og_site_name":"bmc-link.com","article_modified_time":"2025-01-07T17:20:39+00:00","og_image":[{"width":1440,"height":2560,"url":"https:\/\/bmc-link.com\/wp-content\/uploads\/2024\/11\/3dc6ed58-9733-4b39-8750-9d00e51f38c9-scaled.jpg","type":"image\/jpeg"}],"twitter_card":"summary_large_image","schema":{"@context":"https:\/\/schema.org","@graph":[{"@type":"WebPage","@id":"https:\/\/bmc-link.com\/?page_id=160","url":"https:\/\/bmc-link.com\/?page_id=160","name":"Notre vision - bmc-link.com","isPartOf":{"@id":"https:\/\/bmc-link.com\/#website"},"primaryImageOfPage":{"@id":"https:\/\/bmc-link.com\/?page_id=160#primaryimage"},"image":{"@id":"https:\/\/bmc-link.com\/?page_id=160#primaryimage"},"thumbnailUrl":"https:\/\/bmc-link.com\/wp-content\/uploads\/2024\/11\/3dc6ed58-9733-4b39-8750-9d00e51f38c9-scaled.jpg","datePublished":"2024-10-29T17:18:47+00:00","dateModified":"2025-01-07T17:20:39+00:00","breadcrumb":{"@id":"https:\/\/bmc-link.com\/?page_id=160#breadcrumb"},"inLanguage":"fr-FR","potentialAction":[{"@type":"ReadAction","target":["https:\/\/bmc-link.com\/?page_id=160"]}]},{"@type":"ImageObject","inLanguage":"fr-FR","@id":"https:\/\/bmc-link.com\/?page_id=160#primaryimage","url":"https:\/\/bmc-link.com\/wp-content\/uploads\/2024\/11\/3dc6ed58-9733-4b39-8750-9d00e51f38c9-scaled.jpg","contentUrl":"https:\/\/bmc-link.com\/wp-content\/uploads\/2024\/11\/3dc6ed58-9733-4b39-8750-9d00e51f38c9-scaled.jpg","width":1440,"height":2560},{"@type":"BreadcrumbList","@id":"https:\/\/bmc-link.com\/?page_id=160#breadcrumb","itemListElement":[{"@type":"ListItem","position":1,"name":"Accueil","item":"https:\/\/bmc-link.com\/"},{"@type":"ListItem","position":2,"name":"Notre vision"}]},{"@type":"WebSite","@id":"https:\/\/bmc-link.com\/#website","url":"https:\/\/bmc-link.com\/","name":"bmc-link.com","description":"","publisher":{"@id":"https:\/\/bmc-link.com\/#organization"},"potentialAction":[{"@type":"SearchAction","target":{"@type":"EntryPoint","urlTemplate":"https:\/\/bmc-link.com\/?s={search_term_string}"},"query-input":{"@type":"PropertyValueSpecification","valueRequired":true,"valueName":"search_term_string"}}],"inLanguage":"fr-FR"},{"@type":"Organization","@id":"https:\/\/bmc-link.com\/#organization","name":"bmc-link.com","url":"https:\/\/bmc-link.com\/","logo":{"@type":"ImageObject","inLanguage":"fr-FR","@id":"https:\/\/bmc-link.com\/#\/schema\/logo\/image\/","url":"https:\/\/bmc-link.com\/wp-content\/uploads\/2024\/11\/logo.bmc_.couleur77.png","contentUrl":"https:\/\/bmc-link.com\/wp-content\/uploads\/2024\/11\/logo.bmc_.couleur77.png","width":2045,"height":3431,"caption":"bmc-link.com"},"image":{"@id":"https:\/\/bmc-link.com\/#\/schema\/logo\/image\/"}}]}},"_links":{"self":[{"href":"https:\/\/bmc-link.com\/index.php?rest_route=\/wp\/v2\/pages\/160","targetHints":{"allow":["GET"]}}],"collection":[{"href":"https:\/\/bmc-link.com\/index.php?rest_route=\/wp\/v2\/pages"}],"about":[{"href":"https:\/\/bmc-link.com\/index.php?rest_route=\/wp\/v2\/types\/page"}],"author":[{"embeddable":true,"href":"https:\/\/bmc-link.com\/index.php?rest_route=\/wp\/v2\/users\/1"}],"replies":[{"embeddable":true,"href":"https:\/\/bmc-link.com\/index.php?rest_route=%2Fwp%2Fv2%2Fcomments&post=160"}],"version-history":[{"count":4,"href":"https:\/\/bmc-link.com\/index.php?rest_route=\/wp\/v2\/pages\/160\/revisions"}],"predecessor-version":[{"id":250,"href":"https:\/\/bmc-link.com\/index.php?rest_route=\/wp\/v2\/pages\/160\/revisions\/250"}],"wp:attachment":[{"href":"https:\/\/bmc-link.com\/index.php?rest_route=%2Fwp%2Fv2%2Fmedia&parent=160"}],"curies":[{"name":"wp","href":"https:\/\/api.w.org\/{rel}","templated":true}]}}